--
-- Host: localhost    Database: home
-- ------------------------------------------------------


--
-- Table structure for table `auth_group`
--

CREATE TABLE `auth_group` (
  `id` int NOT NULL AUTO_INCREMENT,
  `name` varchar(150) NOT NULL,
  PRIMARY KEY (`id`),
  UNIQUE KEY `name` (`name`)
) ENGINE=InnoDB DEFAULT CHARSET=utf8mb4 COLLATE=utf8mb4_0900_ai_ci;

--
-- Dumping data for table `auth_group`
--


--
-- Table structure for table `auth_group_permissions`
--

CREATE TABLE `auth_group_permissions` (
  `id` bigint NOT NULL AUTO_INCREMENT,
  `group_id` int NOT NULL,
  `permission_id` int NOT NULL,
  PRIMARY KEY (`id`),
  UNIQUE KEY `auth_group_permissions_group_id_permission_id_0cd325b0_uniq` (`group_id`,`permission_id`),
  KEY `auth_group_permissio_permission_id_84c5c92e_fk_auth_perm` (`permission_id`),
  CONSTRAINT `auth_group_permissio_permission_id_84c5c92e_fk_auth_perm` FOREIGN KEY (`permission_id`) REFERENCES `auth_permission` (`id`),
  CONSTRAINT `auth_group_permissions_group_id_b120cbf9_fk_auth_group_id` FOREIGN KEY (`group_id`) REFERENCES `auth_group` (`id`)
) ENGINE=InnoDB DEFAULT CHARSET=utf8mb4 COLLATE=utf8mb4_0900_ai_ci;

--
-- Dumping data for table `auth_group_permissions`
--


--
-- Table structure for table `auth_permission`
--

CREATE TABLE `auth_permission` (
  `id` int NOT NULL AUTO_INCREMENT,
  `name` varchar(255) NOT NULL,
  `content_type_id` int NOT NULL,
  `codename` varchar(100) NOT NULL,
  PRIMARY KEY (`id`),
  UNIQUE KEY `auth_permission_content_type_id_codename_01ab375a_uniq` (`content_type_id`,`codename`),
  CONSTRAINT `auth_permission_content_type_id_2f476e4b_fk_django_co` FOREIGN KEY (`content_type_id`) REFERENCES `django_content_type` (`id`)
) ENGINE=InnoDB AUTO_INCREMENT=45 DEFAULT CHARSET=utf8mb4 COLLATE=utf8mb4_0900_ai_ci;

--
-- Dumping data for table `auth_permission`
--

INSERT INTO `auth_permission` VALUES (1,'Can add log entry',1,'add_logentry'),(2,'Can change log entry',1,'change_logentry'),(3,'Can delete log entry',1,'delete_logentry'),(4,'Can view log entry',1,'view_logentry'),(5,'Can add permission',2,'add_permission'),(6,'Can change permission',2,'change_permission'),(7,'Can delete permission',2,'delete_permission'),(8,'Can view permission',2,'view_permission'),(9,'Can add group',3,'add_group'),(10,'Can change group',3,'change_group'),(11,'Can delete group',3,'delete_group'),(12,'Can view group',3,'view_group'),(13,'Can add user',4,'add_user'),(14,'Can change user',4,'change_user'),(15,'Can delete user',4,'delete_user'),(16,'Can view user',4,'view_user'),(17,'Can add content type',5,'add_contenttype'),(18,'Can change content type',5,'change_contenttype'),(19,'Can delete content type',5,'delete_contenttype'),(20,'Can view content type',5,'view_contenttype'),(21,'Can add session',6,'add_session'),(22,'Can change session',6,'change_session'),(23,'Can delete session',6,'delete_session'),(24,'Can view session',6,'view_session'),(25,'Can add drinks store',7,'add_drinksstore'),(26,'Can change drinks store',7,'change_drinksstore'),(27,'Can delete drinks store',7,'delete_drinksstore'),(28,'Can view drinks store',7,'view_drinksstore'),(29,'Can add statistics',8,'add_statistics'),(30,'Can change statistics',8,'change_statistics'),(31,'Can delete statistics',8,'delete_statistics'),(32,'Can view statistics',8,'view_statistics'),(33,'Can add profile',9,'add_profile'),(34,'Can change profile',9,'change_profile'),(35,'Can delete profile',9,'delete_profile'),(36,'Can view profile',9,'view_profile'),(37,'Can add transaction',10,'add_transaction'),(38,'Can change transaction',10,'change_transaction'),(39,'Can delete transaction',10,'delete_transaction'),(40,'Can view transaction',10,'view_transaction'),(41,'Can add expenditure',11,'add_expenditure'),(42,'Can change expenditure',11,'change_expenditure'),(43,'Can delete expenditure',11,'delete_expenditure'),(44,'Can view expenditure',11,'view_expenditure');

--
-- Table structure for table `auth_user_groups`
--

CREATE TABLE `auth_user_groups` (
  `id` bigint NOT NULL AUTO_INCREMENT,
  `user_id` int NOT NULL,
  `group_id` int NOT NULL,
  PRIMARY KEY (`id`),
  UNIQUE KEY `auth_user_groups_user_id_group_id_94350c0c_uniq` (`user_id`,`group_id`),
  KEY `auth_user_groups_group_id_97559544_fk_auth_group_id` (`group_id`),
  CONSTRAINT `auth_user_groups_group_id_97559544_fk_auth_group_id` FOREIGN KEY (`group_id`) REFERENCES `auth_group` (`id`),
  CONSTRAINT `auth_user_groups_user_id_6a12ed8b_fk_auth_user_id` FOREIGN KEY (`user_id`) REFERENCES `auth_user` (`id`)
) ENGINE=InnoDB DEFAULT CHARSET=utf8mb4 COLLATE=utf8mb4_0900_ai_ci;

--
-- Dumping data for table `auth_user_groups`
--


--
-- Table structure for table `auth_user_user_permissions`
--

CREATE TABLE `auth_user_user_permissions` (
  `id` bigint NOT NULL AUTO_INCREMENT,
  `user_id` int NOT NULL,
  `permission_id` int NOT NULL,
  PRIMARY KEY (`id`),
  UNIQUE KEY `auth_user_user_permissions_user_id_permission_id_14a6b632_uniq` (`user_id`,`permission_id`),
  KEY `auth_user_user_permi_permission_id_1fbb5f2c_fk_auth_perm` (`permission_id`),
  CONSTRAINT `auth_user_user_permi_permission_id_1fbb5f2c_fk_auth_perm` FOREIGN KEY (`permission_id`) REFERENCES `auth_permission` (`id`),
  CONSTRAINT `auth_user_user_permissions_user_id_a95ead1b_fk_auth_user_id` FOREIGN KEY (`user_id`) REFERENCES `auth_user` (`id`)
) ENGINE=InnoDB DEFAULT CHARSET=utf8mb4 COLLATE=utf8mb4_0900_ai_ci;

--
-- Dumping data for table `auth_user_user_permissions`
--


--
-- Table structure for table `django_admin_log`
--

CREATE TABLE `django_admin_log` (
  `id` int NOT NULL AUTO_INCREMENT,
  `action_time` datetime(6) NOT NULL,
  `object_id` longtext,
  `object_repr` varchar(200) NOT NULL,
  `action_flag` smallint unsigned NOT NULL,
  `change_message` longtext NOT NULL,
  `content_type_id` int DEFAULT NULL,
  `user_id` int NOT NULL,
  PRIMARY KEY (`id`),
  KEY `django_admin_log_content_type_id_c4bce8eb_fk_django_co` (`content_type_id`),
  KEY `django_admin_log_user_id_c564eba6_fk_auth_user_id` (`user_id`),
  CONSTRAINT `django_admin_log_content_type_id_c4bce8eb_fk_django_co` FOREIGN KEY (`content_type_id`) REFERENCES `django_content_type` (`id`),
  CONSTRAINT `django_admin_log_user_id_c564eba6_fk_auth_user_id` FOREIGN KEY (`user_id`) REFERENCES `auth_user` (`id`),
  CONSTRAINT `django_admin_log_chk_1` CHECK ((`action_flag` >= 0))
) ENGINE=InnoDB AUTO_INCREMENT=18 DEFAULT CHARSET=utf8mb4 COLLATE=utf8mb4_0900_ai_ci;

--
-- Dumping data for table `django_admin_log`
--

INSERT INTO `django_admin_log` VALUES (1,'2025-11-15 10:59:54.904744','5',' TRANSACTION MADE BY antony STATUS = declined',2,'[{\"changed\": {\"fields\": [\"Status\"]}}]',10,1),(2,'2025-11-15 11:55:13.535984','2','payments,Amount50000',1,'[{\"added\": {}}]',11,1),(3,'2025-11-15 22:32:19.537626','1','SODA:866, WATER: 589',2,'[{\"changed\": {\"fields\": [\"Price per soda\"]}}]',7,1),(4,'2025-11-15 22:32:53.491081','1','SODA:866, WATER: 589',2,'[{\"changed\": {\"fields\": [\"Price per soda\"]}}]',7,1),(5,'2025-11-15 22:55:31.492740','3','office,Amount : 5000',1,'[{\"added\": {}}]',11,1),(6,'2025-11-16 04:15:54.009506','10',' TRANSACTION MADE BY michael STATUS = confirmed',2,'[]',10,1),(7,'2025-11-28 09:29:38.685153','19','dulla',1,'[{\"added\": {}}]',4,1),(8,'2025-11-28 09:30:06.830371','19','dulla',2,'[{\"changed\": {\"fields\": [\"Email address\", \"Staff status\"]}}]',4,1),(9,'2025-12-04 06:07:33.077967','19','shayo',2,'[{\"changed\": {\"fields\": [\"Rank\"]}}]',9,1),(10,'2025-12-04 06:23:32.975039','19','dulla',3,'',4,1),(11,'2025-12-04 06:27:28.424121','22','dulla',2,'[{\"changed\": {\"fields\": [\"Staff status\"]}}]',4,1),(12,'2025-12-04 06:42:49.040298','21','makoroka',2,'[{\"changed\": {\"fields\": [\"Rank\"]}}]',9,1),(13,'2025-12-04 07:34:19.466173','23','makoroka',2,'[{\"changed\": {\"fields\": [\"Active\"]}}]',4,1),(14,'2025-12-04 07:35:11.710901','23','makoroka',2,'[{\"changed\": {\"fields\": [\"Active\"]}}]',4,1),(15,'2025-12-04 07:40:10.221220','23','makoroka',2,'[{\"changed\": {\"fields\": [\"Active\", \"Last login\"]}}]',4,1),(16,'2025-12-04 07:40:41.826396','23','makoroka',2,'[{\"changed\": {\"fields\": [\"Active\"]}}]',4,1),(17,'2025-12-04 09:04:58.240464','22','iren',2,'[{\"changed\": {\"fields\": [\"Rank\"]}}]',9,1);

--
-- Table structure for table `django_content_type`
--

CREATE TABLE `django_content_type` (
  `id` int NOT NULL AUTO_INCREMENT,
  `app_label` varchar(100) NOT NULL,
  `model` varchar(100) NOT NULL,
  PRIMARY KEY (`id`),
  UNIQUE KEY `django_content_type_app_label_model_76bd3d3b_uniq` (`app_label`,`model`)
) ENGINE=InnoDB AUTO_INCREMENT=12 DEFAULT CHARSET=utf8mb4 COLLATE=utf8mb4_0900_ai_ci;

--
-- Dumping data for table `django_content_type`
--

INSERT INTO `django_content_type` VALUES (1,'admin','logentry'),(3,'auth','group'),(2,'auth','permission'),(4,'auth','user'),(5,'contenttypes','contenttype'),(7,'main','drinksstore'),(11,'main','expenditure'),(9,'main','profile'),(8,'main','statistics'),(10,'main','transaction'),(6,'sessions','session');

--
-- Table structure for table `django_migrations`
--

CREATE TABLE `django_migrations` (
  `id` bigint NOT NULL AUTO_INCREMENT,
  `app` varchar(255) NOT NULL,
  `name` varchar(255) NOT NULL,
  `applied` datetime(6) NOT NULL,
  PRIMARY KEY (`id`)
) ENGINE=InnoDB AUTO_INCREMENT=32 DEFAULT CHARSET=utf8mb4 COLLATE=utf8mb4_0900_ai_ci;

--
-- Dumping data for table `django_migrations`
--

INSERT INTO `django_migrations` VALUES (1,'contenttypes','0001_initial','2025-11-14 23:04:18.187898'),(2,'auth','0001_initial','2025-11-14 23:04:30.060656'),(3,'admin','0001_initial','2025-11-14 23:04:32.719897'),(4,'admin','0002_logentry_remove_auto_add','2025-11-14 23:04:32.809885'),(5,'admin','0003_logentry_add_action_flag_choices','2025-11-14 23:04:32.958997'),(6,'contenttypes','0002_remove_content_type_name','2025-11-14 23:04:35.068127'),(7,'auth','0002_alter_permission_name_max_length','2025-11-14 23:04:35.998753'),(8,'auth','0003_alter_user_email_max_length','2025-11-14 23:04:36.263717'),(9,'auth','0004_alter_user_username_opts','2025-11-14 23:04:36.338683'),(10,'auth','0005_alter_user_last_login_null','2025-11-14 23:04:37.188728'),(11,'auth','0006_require_contenttypes_0002','2025-11-14 23:04:37.235726'),(12,'auth','0007_alter_validators_add_error_messages','2025-11-14 23:04:37.302722'),(13,'auth','0008_alter_user_username_max_length','2025-11-14 23:04:38.279810'),(14,'auth','0009_alter_user_last_name_max_length','2025-11-14 23:04:49.178418'),(15,'auth','0010_alter_group_name_max_length','2025-11-14 23:04:49.763215'),(16,'auth','0011_update_proxy_permissions','2025-11-14 23:04:49.840210'),(17,'auth','0012_alter_user_first_name_max_length','2025-11-14 23:04:50.909886'),(18,'main','0001_initial','2025-11-14 23:04:57.921222'),(19,'sessions','0001_initial','2025-11-14 23:04:58.868055'),(20,'main','0002_drinksstore_price_per_soda_and_more','2025-11-14 23:18:51.486042'),(21,'main','0003_expenditure','2025-11-15 00:53:49.223208'),(22,'main','0004_alter_statistics_trip_date','2025-11-15 09:52:39.165691'),(23,'main','0005_alter_expenditure_info_and_more','2025-11-15 11:50:38.240512'),(24,'main','0006_alter_expenditure_created_on_and_more','2025-11-16 06:38:47.107625'),(25,'main','0007_profile_rank','2025-12-04 06:03:05.886038'),(26,'main','0008_alter_expenditure_created_on_and_more','2025-12-10 19:09:29.183264'),(27,'main','0009_remove_transaction_created_on_and_more','2025-12-13 08:29:30.027290'),(28,'main','0010_rename_created_on_expenditure_created_at','2025-12-13 08:57:31.417828'),(29,'main','0011_alter_transaction_created_at','2025-12-13 09:52:47.643989'),(30,'main','0012_transaction_created_on','2025-12-13 09:56:57.464250'),(31,'main','0013_rename_created_at_expenditure_created_on_and_more','2025-12-13 10:08:24.450132');

--
-- Table structure for table `main_drinksstore`
--

CREATE TABLE `main_drinksstore` (
  `id` bigint NOT NULL AUTO_INCREMENT,
  `soda_store` int NOT NULL,
  `water_store` int NOT NULL,
  `price_per_soda` int NOT NULL,
  `price_per_water` int NOT NULL,
  PRIMARY KEY (`id`)
) ENGINE=InnoDB AUTO_INCREMENT=2 DEFAULT CHARSET=utf8mb4 COLLATE=utf8mb4_0900_ai_ci;

--
-- Dumping data for table `main_drinksstore`
--

INSERT INTO `main_drinksstore` VALUES (1,796,568,11500,5000);

--
-- Table structure for table `main_expenditure`
--

CREATE TABLE `main_expenditure` (
  `id` bigint NOT NULL AUTO_INCREMENT,
  `expend_type` varchar(100) NOT NULL,
  `info` longtext NOT NULL,
  `value_amount` int NOT NULL,
  `created_on` date NOT NULL,
  `approved_by_id` int DEFAULT NULL,
  PRIMARY KEY (`id`),
  KEY `main_expenditure_approved_by_id_c054bdaa_fk_auth_user_id` (`approved_by_id`),
  CONSTRAINT `main_expenditure_approved_by_id_c054bdaa_fk_auth_user_id` FOREIGN KEY (`approved_by_id`) REFERENCES `auth_user` (`id`)
) ENGINE=InnoDB AUTO_INCREMENT=12 DEFAULT CHARSET=utf8mb4 COLLATE=utf8mb4_0900_ai_ci;

--
-- Dumping data for table `main_expenditure`
--

INSERT INTO `main_expenditure` VALUES (2,'payments','take perfume from silvia',50000,'2025-11-15',1),(3,'office','BUYING DAFTARI',5000,'2025-11-15',1),(4,'food_allowance','both mimina stewart',10000,'2025-12-09',NULL),(5,'food_allowance','tusxfasxgaskxvasixasx',10000,'2025-12-13',NULL),(6,'other_activity','MALIPO YA KUKU KWA ALPHONCE',200000,'2025-12-13',NULL),(7,'office','Madaftari ',5000,'2025-12-15',NULL),(8,'payments','Malipo ya kuku wa 5 ',180000,'2025-12-15',NULL),(9,'payments','Malipo ya kuku wa 5 ',180000,'2025-12-15',NULL),(10,'food_allowance','10000 mimi na dogo',10000,'2025-12-16',NULL),(11,'other_activity','fundi',50000,'2025-12-16',NULL);

--
-- Table structure for table `main_profile`
--

CREATE TABLE `main_profile` (
  `id` bigint NOT NULL AUTO_INCREMENT,
  `phone` varchar(20) NOT NULL,
  `user_id` int NOT NULL,
  `rank` varchar(10) NOT NULL,
  PRIMARY KEY (`id`),
  UNIQUE KEY `user_id` (`user_id`),
  CONSTRAINT `main_profile_user_id_b40d720a_fk_auth_user_id` FOREIGN KEY (`user_id`) REFERENCES `auth_user` (`id`)
) ENGINE=InnoDB AUTO_INCREMENT=23 DEFAULT CHARSET=utf8mb4 COLLATE=utf8mb4_0900_ai_ci;

--
-- Dumping data for table `main_profile`
--

INSERT INTO `main_profile` VALUES (1,'0785943642',2,'conductor'),(2,'0789988686',3,'conductor'),(3,'0783791123',4,'conductor'),(4,'0758037062',5,'conductor'),(5,'0787407025',6,'conductor'),(6,'0759474295',7,'conductor'),(7,'000000000',8,'conductor'),(8,'0749951552',9,'conductor'),(9,'0747227822',10,'conductor'),(10,'0699071661',11,'conductor'),(11,'0678458614',12,'conductor'),(12,'00000',13,'conductor'),(13,'0678296713',14,'conductor'),(14,'000000000',15,'conductor'),(15,'000000',16,'conductor'),(16,'0624809834',17,'conductor'),(17,'000000000',18,'conductor'),(18,'0625518944',20,'conductor'),(19,'0785946213',21,'manager'),(20,'0695364192',22,'conductor'),(21,'0753182080',23,'manager'),(22,'0693875464',24,'accountant');

--
-- Table structure for table `main_statistics`
--

CREATE TABLE `main_statistics` (
  `id` bigint NOT NULL AUTO_INCREMENT,
  `trip_date` date NOT NULL,
  `car_id` varchar(10) NOT NULL,
  `start` varchar(255) NOT NULL,
  `destination` varchar(255) NOT NULL,
  `passenger_number` int NOT NULL,
  `return_trip_date` date NOT NULL,
  `return_start` varchar(255) NOT NULL,
  `return_destination` varchar(255) NOT NULL,
  `return_passenger_number` int NOT NULL,
  PRIMARY KEY (`id`)
) ENGINE=InnoDB AUTO_INCREMENT=19 DEFAULT CHARSET=utf8mb4 COLLATE=utf8mb4_0900_ai_ci;

--
-- Dumping data for table `main_statistics`
--

INSERT INTO `main_statistics` VALUES (1,'2025-11-13','T 280DZX','DAR-ES-SALAAM','TARAKEA',56,'2025-11-13','TARAKEA','DAR-ES-SALAAM',45),(2,'2025-11-04','T 280DZX','DAR-ES-SALAAM','TARAKEA',54,'2025-10-28','KIOMBOI','SINGIDA',45),(3,'2025-11-19','T 331DYR','TARAKEA','BABATI',65,'2025-11-19','TARAKEA','KIOMBOI',54),(4,'2025-11-19','T 331DYR','TARAKEA','BABATI',65,'2025-11-19','TARAKEA','KIOMBOI',54),(5,'2025-11-19','T 331DYR','TARAKEA','BABATI',65,'2025-11-19','TARAKEA','KIOMBOI',54),(6,'2025-11-12','T 331DYR','SINGIDA','KIOMBOI',65,'2025-10-29','BABATI','BABATI',54),(7,'2025-11-13','T 183EJM','DAR-ES-SALAAM','BABATI',45,'2025-11-15','BABATI','DAR-ES-SALAAM',50),(8,'2025-11-19','T 280DZX','TARAKEA','SINGIDA',56,'2025-11-04','SINGIDA','MOSHI',87),(9,'2025-11-13','T 195DVA','KIOMBOI','DAR-ES-SALAAM',34,'2025-11-15','KIOMBOI','DAR-ES-SALAAM',54),(10,'2025-11-15','T 989ECJ','TARAKEA','KIOMBOI',50,'2025-11-16','KIOMBOI','TARAKEA',40),(11,'2025-12-01','T 582ENJ','DAR-ES-SALAAM','ARUSHA',46,'2025-12-07','TARAKEA','DAR-ES-SALAAM',23),(12,'2025-11-24','T 612EGV','DAR-ES-SALAAM','ROMBO',34,'2025-11-25','ROMBO','DAR-ES-SALAAM',51),(13,'2025-12-07','T 989ECJ','DAR-ES-SALAAM','BABATI',54,'2025-12-08','BABATI','DAR-ES-SALAAM',53),(14,'2025-12-02','T 181EJM','DAR-ES-SALAAM','ROMBO',52,'2025-12-06','ROMBO','DAR-ES-SALAAM',43),(15,'2025-12-03','T 280DZX','KIOMBOI','BABATI',56,'2025-12-02','BABATI','KIOMBOI',30),(16,'2025-12-11','T 195DVA','DAR-ES-SALAAM','ROMBO',54,'2025-12-12','ROMBO','DAR-ES-SALAAM',45),(17,'2025-12-14','T 395EGV','DAR-ES-SALAAM','KARATU',56,'2025-12-15','KARATU','DAR-ES-SALAAM',46),(18,'2025-12-10','T 180EJM','DAR-ES-SALAAM','BABATI',46,'2025-12-14','BABATI','DAR-ES-SALAAM',50);

--
-- Table structure for table `main_transaction`
--

CREATE TABLE `main_transaction` (
  `id` bigint NOT NULL AUTO_INCREMENT,
  `car_id` varchar(10) NOT NULL,
  `transaction_type` varchar(10) NOT NULL,
  `soda_amount` int NOT NULL,
  `water_amount` int NOT NULL,
  `status` varchar(10) NOT NULL,
  `created_at` time(6) NOT NULL,
  `confirmed_by_id` int DEFAULT NULL,
  `tripstatics_id` bigint DEFAULT NULL,
  `user_id` int NOT NULL,
  `total_price` int NOT NULL,
  `created_on` date NOT NULL,
  PRIMARY KEY (`id`),
  KEY `main_transaction_confirmed_by_id_d469d4bb_fk_auth_user_id` (`confirmed_by_id`),
  KEY `main_transaction_tripstatics_id_431efcb3_fk_main_statistics_id` (`tripstatics_id`),
  KEY `main_transaction_user_id_fd91d649_fk_auth_user_id` (`user_id`),
  CONSTRAINT `main_transaction_confirmed_by_id_d469d4bb_fk_auth_user_id` FOREIGN KEY (`confirmed_by_id`) REFERENCES `auth_user` (`id`),
  CONSTRAINT `main_transaction_tripstatics_id_431efcb3_fk_main_statistics_id` FOREIGN KEY (`tripstatics_id`) REFERENCES `main_statistics` (`id`),
  CONSTRAINT `main_transaction_user_id_fd91d649_fk_auth_user_id` FOREIGN KEY (`user_id`) REFERENCES `auth_user` (`id`)
) ENGINE=InnoDB AUTO_INCREMENT=22 DEFAULT CHARSET=utf8mb4 COLLATE=utf8mb4_0900_ai_ci;

--
-- Dumping data for table `main_transaction`
--

INSERT INTO `main_transaction` VALUES (1,'T 280DZX','take',8,2,'confirmed','00:00:00.000000',1,1,1,0,'2025-12-13'),(2,'T 884DEE','add',600,300,'confirmed','00:00:00.000000',1,NULL,1,0,'2025-12-13'),(3,'T 280DZX','take',8,2,'confirmed','00:00:00.000000',1,2,1,0,'2025-12-13'),(4,'T 331DYR','take',8,2,'confirmed','00:00:00.000000',1,5,1,102000,'2025-12-13'),(5,'T 331DYR','take',4,2,'declined','00:00:00.000000',1,6,2,56000,'2025-12-13'),(6,'T 884DEE','add',300,300,'confirmed','00:00:00.000000',1,NULL,1,0,'2025-12-13'),(7,'T 183EJM','take',6,3,'confirmed','00:00:00.000000',1,7,14,84000,'2025-12-13'),(8,'T 280DZX','take',4,1,'confirmed','00:00:00.000000',1,8,14,51000,'2025-12-13'),(9,'T 884DEE','add',200,100,'declined','00:00:00.000000',1,NULL,1,0,'2025-12-13'),(10,'T 195DVA','take',7,1,'confirmed','00:00:00.000000',1,9,1,85500,'2025-12-13'),(11,'T 989ECJ','take',3,4,'confirmed','00:00:00.000000',1,10,1,54500,'2025-12-13'),(12,'T 582ENJ','take',6,2,'confirmed','00:00:00.000000',1,11,21,79000,'2025-12-13'),(13,'T 612EGV','take',8,2,'confirmed','00:00:00.000000',22,12,1,102000,'2025-12-13'),(14,'T 989ECJ','take',7,2,'confirmed','00:00:00.000000',1,13,9,90500,'2025-12-13'),(15,'T 181EJM','take',6,2,'confirmed','00:00:00.000000',1,14,9,79000,'2025-12-13'),(16,'T 280DZX','take',8,2,'confirmed','00:00:00.000000',1,15,1,102000,'2025-12-13'),(17,'T 884DEE','add',45,60,'pending','02:28:58.457438',NULL,NULL,1,0,'2025-12-13'),(18,'T 195DVA','take',7,1,'confirmed','02:33:21.797418',1,16,1,85500,'2025-12-13'),(19,'T 884DEE','add',50,50,'pending','11:38:29.132232',NULL,NULL,1,0,'2025-12-13'),(20,'T 395EGV','take',6,2,'confirmed','03:30:17.511135',1,17,1,79000,'2025-12-16'),(21,'T 180EJM','take',8,2,'confirmed','06:56:47.416563',22,18,22,102000,'2025-12-16');


